be (1344/(-36))/((-6)/1917). Suppose -2*w + 2*k = -r, 5*k = -5*w - 1822 + 31632. Is w composite?
True
Is 11/(33/7689906) - (-83 - -70) a prime number?
False
Let q(b) be the second derivative of -17*b**3/3 + 53*b**2/2 - 25*b - 2. Is q(-21) composite?
True
Suppose 80*v = 77*v + 21. Is (v - 12)*19132/(-20) a prime number?
True
Suppose 149926 + 244669 = 10*h + 116965. Is h a prime number?
True
Let f(m) = -m - 17. Let r be f(-14). Let i = r - -2. Is (268 + 1 + i)*18/24 composite?
True
Let a = 18541 + 42765. Suppose 2*w + 4*m - a = -0*m, 5*w - 153309 = m. Is w composite?
False
Let x be (-13)/(39/12) + 1 + -2. Is (36/(-30))/(x/(44575/2)) a prime number?
False
Let w = -374 + 377. Suppose 17269 = -w*q + 50266. Is q prime?
False
Suppose -24 = 4*g, 5*g - 3409955 = -2*j + 633933. Is j prime?
True
Suppose 30*x - 838339 = 320651. Is x composite?
True
Let q be ((2 - 7) + 5)/1. Suppose 74*z - 52*z - 134662 = q. Is z prime?
True
Let k = -41 - -37. Let p(u) = -168*u - 21. Let a be p(k). Suppose -16 + a = b. Is b a composite number?
True
Let k(f) be the third derivative of 0*f + 1/60*f**6 + 0 - 1/24*f**4 - 1/6*f**5 - 23/6*f**3 + 13*f**2. Is k(8) a prime number?
True
Let c(s) = -1. Let r(m) = -173*m - 25. Let h be ((-2)/1)/((2 + -1)*-2). Let i(y) = h*r(y) - 5*c(y). Is i(-9) prime?
False
Let x(i) = i**2 + 24*i - 96. Let h be x(-25). Let t = 202 + h. Is t prime?
True
Suppose -13 = -w + 4*u, 8 = w + 3*u + 2. Suppose -8*z + 30 = -w*z. Is 995/z*-1 + 2/(-12) prime?
False
Let l(i) be the second derivative of 23*i**4/2 + i**3/6 - 3*i**2 + 24*i. Is l(5) composite?
False
Let c be 514/(0 - (12/6)/(-2)). Suppose -l + 1725 = c. Is l prime?
False
Suppose -2*y = -12, 5*k - 6*y = 172339 + 86755. Is k prime?
False
Let i be (-14892)/272*(-32)/(-6). Let u = 386 + i. Is u a prime number?
False
Suppose q - 233077 - 148619 = -2*v, -3*v = 5*q - 572537. Is v prime?
False
Suppose -12*i = 1980 + 11448. Let k = i - -7328. Is k prime?
False
Let t = 388 + -231. Suppose 0 = -158*q + t*q + 1399. Is q a prime number?
True
Suppose 4*c + 0*c = -3*i + 1, 0 = -3*c - 4*i - 8. Let l be (((-72)/(-10))/(-2))/(c/(-10)). Suppose l*f - f - 5848 = 0. Is f a prime number?
False
Is (35 - 123)/(-22)*(-3)/(-24)*216158 a composite number?
False
Let x(j) = 131*j**2 + 110*j + 133. Is x(22) prime?
True
Let n(q) = 4*q**3 + 2*q - 3. Let v be n(1). Is (-10968)/8*(-7)/v prime?
False
Is 132637/2 + 1/30*15 prime?
False
Suppose 2214150 - 20285658 - 3431201 = -43*t. Is t a composite number?
True
Suppose 3673 = 4*i - 5535. Suppose 672 = -10*c + i. Is c a prime number?
True
Let h(z) = 6 - 8673*z**3 + 8666*z**3 + 16 + 7*z**2 + 3*z. Is h(-5) a composite number?
True
Is ((-886822)/(-68))/(2/4) a prime number?
True
Is 1202442/14 + ((-2187)/63 - -35) composite?
False
Let b = -7 - -4. Let m be b - 27/(-1 + -2). Suppose 0 = -m*n + 51 + 81. Is n a composite number?
True
Suppose 41*m + 106683 - 989823 - 23821 = 0. Is m composite?
True
Suppose -y = -4*k - 5458, -3*y = -5*k + 2*k - 16401. Is (-1*1)/((-10)/y) a prime number?
True
Let h = 53400 + 200201. Is h a prime number?
True
Let l = 36 + -36. Suppose -s + 2*a - 6 = l, 2*s + 7*a - 3*a = 12. Suppose 2*g - 512 + 34 = s. Is g prime?
True
Suppose 9 = -2*f + 5*f, 2*s + 2*f - 24 = 0. Suppose s = 3*j, -b = -8*j + 3*j + 25. Is 1404 + 3 + b/5 prime?
False
Let d be (1*-1)/(((-50)/20810)/5). Let l be 9 - ((-8)/4)/(-2). Suppose 7223 = l*j - d. Is j a prime number?
True
Let m(o) = 24*o + 13*o + 16*o - 21. Let i = -31 - -45. Is m(i) a composite number?
True
Let p = -3863 - -3863. Let q(o) be the first derivative of o**2 + 58*o + 1. Is q(p) prime?
False
Let k(f) = 180*f - 41. Let n = -135 + 143. Is k(n) a composite number?
False
Let h be (2 + 5254/(-3))/(20/(-60)). Suppose b + h = -13936. Is b/(-24) - 2*2/12 a composite number?
True
Suppose -33*k = 78570 + 134247. Let i = k + 12692. Is i a prime number?
False
Suppose -4*q - 3*s = 120, 0 = q - 2*s - 7 + 26. Let n = -22 - q. Suppose n*r = -g + 467, -3*g + 74 = r - 25. Is r a prime number?
False
Let i = 4 - 0. Let t(f) = -f**3 + 3*f**2 + 2*f + 1. Let p be t(i). Let q(y) = -53*y + 26. Is q(p) prime?
True
Suppose -2*w - 5*i - 38 = 0, -3*i - 57 = -15*w + 20*w. Is ((-22)/6)/((-3680)/408 - w) a composite number?
True
Suppose -t + 284 = 4*c, -3*t + 4*t = 3*c + 277. Let u = t - -585. Is u a composite number?
True
Let d = -206 + -232. Let y be (-1 + d)/(-2 + -4 + 5). Suppose y + 50 = 3*v. Is v a prime number?
True
Let w = 6705 - 2236. Let y(h) = -1218*h. Let c be y(1). Let o = w + c. Is o a composite number?
False
Let u(d) = 145*d**2 - 346*d + 15. Is u(23) a composite number?
True
Suppose 23*y + 33 - 286 = 0. Is 570315/165 + 6/y a composite number?
False
Suppose 7*o - 11*o = -3*v - 663, o - 3*v = 177. Let u be 3*9/(o/24). Is u/6 + 4542/18 composite?
True
Let w(c) = 869*c**2 - 40*c - 1741. Is w(-24) a prime number?
False
Suppose -126 - 469 = g + 2*f, 3*g - f + 1771 = 0. Let k = g + 1340. Suppose k = -8*w + 11493. Is w prime?
False
Suppose -d - 274 = -3*v, 2*v - 200 + 32 = -3*d. Suppose -2*t + i = -v, 0 = -3*t + i - 3*i + 135. Is (-1996)/(-14) + t/105 a composite number?
True
Let y(p) = 290*p - 33. Let o = 127 - 109. Suppose 9 = o*j - 135. Is y(j) a prime number?
True
Suppose 4*r + 2 + 0 = u, -6 = 2*r + 2*u. Let x be r/(4/(-96)*-4). Let k(a) = -2*a**3 - 5*a**2 - 5*a + 11. Is k(x) composite?
False
Let c(l) = 2981*l**2 - 33*l + 87. Is c(4) a composite number?
True
Let r = 18 - 11. Suppose -92 = -46*i - 26*i + 26*i. Suppose -c - i*m + r = -302, m = 1. Is c a prime number?
True
Let s(n) = -3*n**3 + 80*n**2 - 9*n - 10. Is s(-23) a composite number?
True
Suppose 57*p - 5240 = 52*p. Let m = p + -417. Is m a composite number?
False
Is (95/38 + -21)/((-1)/862) prime?
False
Suppose 0 = 4*v + 4*c - 68, -2*v + 0 = c - 34. Suppose -v*a - 2669 = -18*a. Is a a prime number?
False
Let u = -666 - -235. Let x = 846 + u. Is x composite?
True
Suppose -11*j + 16 = 5. Suppose 0*l + 4*l = -x - 4, -j = -x + l. Suppose x = -i + 3*t - t + 129, -332 = -3*i - 5*t. Is i a composite number?
True
Let o = 95 - 72. Let s be -3 - (o/(-2))/(1/(-2)). Is (4783/(-7) - s/91)*-1 prime?
True
Let w(c) = 6155*c - 6868. Is w(33) prime?
True
Suppose 3*y + 7*k - 3*k = 109111, -k - 181867 = -5*y. Is y composite?
False
Suppose -s + 3*k = -400, -4*s - k - 1930 = -9*s. Suppose -391*t + s*t + 31134 = 0. Is t prime?
True
Let v(k) = 1142*k**3 - k**2 + 4. Is v(3) composite?
False
Let o = -27 - -11. Let y be (-4)/o*4 + 1. Is 1/2*(76 - y) a prime number?
True
Suppose -45*t - 2051 = -52*t. Let w = 6764 + t. Is w composite?
False
Let q be -1*1*(-19 - 3131). Suppose 0 = -z + a + q, 4*z + 2*a - 4947 = 7683. Is z a prime number?
False
Let y be (0 + -1)*-1609 + 0. Let c(g) = 15*g - 360. Let v be c(-18). Let s = y + v. Is s prime?
False
Suppose -2*m + 1160575 = q, 3*q = -5*m + 1789718 + 1111716. Is m a prime number?
True
Let w(k) = 2130*k + 190. Let x be w(-12). Is 7 + x/(-5) - 2 prime?
False
Suppose -236*a + 211*a = -5149525. Is a composite?
False
Is (988/(-190))/(6/(-1775415)) a prime number?
False
Suppose w = i - 4*i - 1337, -5*i - 2673 = 2*w. Let q = w + 2592. Suppose 6*p - 4*p = q. Is p composite?
True
Suppose -k + 3*v + 8790 = 0, 23*k - 22*k - 8766 = -5*v. Is k prime?
False
Suppose 62*w - 38769912 = -10*w. Is w a composite number?
False
Suppose -4*l = -0*u - 9*u - 319783, -4*l = 2*u - 319750. Is l a composite number?
False
Let x(i) be the second derivative of 12*i + 0 + 1/2*i**2 - 3/2*i**3 + 7/4*i**4. Is x(6) composite?
True
Suppose -4*b + 5370 = -5*o, 4*b - 5378 = -0*o + o. Suppose -3*n = -3*q + 1347, 3*q - n - b = 3*n. Suppose -4*w + q + 5825 = 0. Is w composite?
True
Let p = -719322 + 1015949. Is p prime?
True
Let s = -14785 - -27684. Is s prime?
True
Is 1*-4 + 6/(-3)*(-226378)/4 prime?
False
Suppose 9*j - 152 = 10. Suppose 0 = j*d - 131609 - 47005. Is d prime?
True
Suppose 0 = -2*j - 9*s + 4*s + 6, -7*j = -s + 16. Suppose -9 = -2*v + 5*v, -3*v = -5*t + 39. Is (1136/(-3) - j)*(-9)/t a prime number?
False
Let p be 5 + -5 - 3/(-1). Suppose p = l + q, -5*l + q - 6 = -q. Suppose 2*f - j + 1176 = 3*f, -f - 2*j + 1181 = l. Is f a composite number?
False
Let c(k) = -129*k**3 - 51*k**2 - 789*k + 8. Is c(-17) prime?
True
Suppose -5*r - 13 = -5*u + 3*u, 0 = 5*u + 2*r + 40. Let d be 3 - u/(-3)*3. Let v(y) = -353*y - 10